{"id":7188,"date":"2026-05-13T08:28:18","date_gmt":"2026-05-13T08:28:18","guid":{"rendered":"https:\/\/ucuzkaroser.com\/?post_type=product&#038;p=7188"},"modified":"2026-05-13T08:28:18","modified_gmt":"2026-05-13T08:28:18","slug":"330-cm-boyunda-acik-sac-kasa-12-taksit-imkaniyla","status":"publish","type":"product","link":"https:\/\/ucuzkaroser.com\/?product=330-cm-boyunda-acik-sac-kasa-12-taksit-imkaniyla","title":{"rendered":"330 CM BOYUNDA A\u00c7IK SAC KASA (12 TAKS\u0130T \u0130MKANIYLA)"},"content":{"rendered":"<p><span style=\"color: #333333;\"><b><span style=\"font-size: x-large;\">A\u00c7IK SAC KASA<\/span><\/b><\/span><\/p>\n<div>\n<p><span style=\"color: #333333;\"><b><span style=\"font-size: x-large;\">BOY : 330 cm\u00a0\u00a0DI\u015e<\/span><\/b><\/span><\/p>\n<p><span style=\"color: #333333;\"><b><span style=\"font-size: x-large;\">EN : 185 cm\u00a0\u00a0DI\u015e<\/span><\/b><\/span><\/p>\n<p><span style=\"color: #333333;\"><b><span style=\"font-size: x-large;\">KAPAK : 50 cm\u00a0\u0130\u00c7<\/span><\/b><\/span><\/p>\n<p><span style=\"color: #333333;\"><b><span style=\"font-size: x-large;\">TABAN : BAKLAVA SAC<\/span><\/b><\/span><\/p>\n<\/div>\n","protected":false},"excerpt":{"rendered":"<p>A\u00c7IK SAC KASA BOY : 330 cm\u00a0\u00a0DI\u015e EN : 185 cm\u00a0\u00a0DI\u015e KAPAK : 50 cm\u00a0\u0130\u00c7 TABAN : BAKLAVA SAC<\/p>\n","protected":false},"featured_media":7195,"comment_status":"open","ping_status":"closed","template":"","meta":[],"class_list":{"0":"post-7188","1":"product","2":"type-product","3":"status-publish","4":"has-post-thumbnail","6":"product_cat-2-el-kasalar-urun-gruplari","7":"product_cat-acik-sac-kasa-urun-gruplari","9":"first","10":"instock","11":"sale","12":"shipping-taxable","13":"purchasable","14":"product-type-simple"},"_links":{"self":[{"href":"https:\/\/ucuzkaroser.com\/index.php?rest_route=\/wp\/v2\/product\/7188","targetHints":{"allow":["GET"]}}],"collection":[{"href":"https:\/\/ucuzkaroser.com\/index.php?rest_route=\/wp\/v2\/product"}],"about":[{"href":"https:\/\/ucuzkaroser.com\/index.php?rest_route=\/wp\/v2\/types\/product"}],"replies":[{"embeddable":true,"href":"https:\/\/ucuzkaroser.com\/index.php?rest_route=%2Fwp%2Fv2%2Fcomments&post=7188"}],"wp:featuredmedia":[{"embeddable":true,"href":"https:\/\/ucuzkaroser.com\/index.php?rest_route=\/wp\/v2\/media\/7195"}],"wp:attachment":[{"href":"https:\/\/ucuzkaroser.com\/index.php?rest_route=%2Fwp%2Fv2%2Fmedia&parent=7188"}],"curies":[{"name":"wp","href":"https:\/\/api.w.org\/{rel}","templated":true}]}}