{"id":6893,"date":"2026-03-28T08:04:27","date_gmt":"2026-03-28T08:04:27","guid":{"rendered":"https:\/\/ucuzkaroser.com\/?post_type=product&#038;p=6893"},"modified":"2026-03-28T09:28:42","modified_gmt":"2026-03-28T09:28:42","slug":"6893","status":"publish","type":"product","link":"https:\/\/ucuzkaroser.com\/?product=6893","title":{"rendered":"620 CM BOYUNDA KAYAR BRANDALI KASA (12 AY TAKS\u0130T \u0130MKANI)"},"content":{"rendered":"<p><img loading=\"lazy\" decoding=\"async\" class=\"alignnone wp-image-6243\" src=\"https:\/\/ucuzkaroser.com\/wp-content\/uploads\/2026\/02\/kredi-karti-gorsel-300x38.jpg\" sizes=\"auto, (max-width: 529px) 100vw, 529px\" srcset=\"https:\/\/ucuzkaroser.com\/wp-content\/uploads\/2026\/02\/kredi-karti-gorsel-300x38.jpg 300w, https:\/\/ucuzkaroser.com\/wp-content\/uploads\/2026\/02\/kredi-karti-gorsel-1024x131.jpg 1024w, https:\/\/ucuzkaroser.com\/wp-content\/uploads\/2026\/02\/kredi-karti-gorsel-768x98.jpg 768w, https:\/\/ucuzkaroser.com\/wp-content\/uploads\/2026\/02\/kredi-karti-gorsel-1536x196.jpg 1536w, https:\/\/ucuzkaroser.com\/wp-content\/uploads\/2026\/02\/kredi-karti-gorsel-2048x262.jpg 2048w, https:\/\/ucuzkaroser.com\/wp-content\/uploads\/2026\/02\/kredi-karti-gorsel-600x77.jpg 600w\" alt=\"\" width=\"529\" height=\"67\" \/><\/p>\n<p><b>KAYAR BRANDALI KASA<\/b><\/p>\n<div>\n<p><b>BOY : 620 cm\u00a0\u00a0DI\u015e<\/b><\/p>\n<p><b>EN : 255 cm\u00a0\u00a0DI\u015e<\/b><\/p>\n<p><b>Y\u00dcK : 260 cm \u0130\u00c7<\/b><\/p>\n<p><b>TABAN : PLYWOOD<\/b><\/p>\n<p><b>RENK : BEYAZ<\/b><\/p>\n<\/div>\n","protected":false},"excerpt":{"rendered":"<p>KAYAR BRANDALI KASA BOY : 620 cm\u00a0\u00a0DI\u015e EN : 255 cm\u00a0\u00a0DI\u015e Y\u00dcK : 260 cm \u0130\u00c7 TABAN : PLYWOOD RENK : BEYAZ<\/p>\n","protected":false},"featured_media":6897,"comment_status":"open","ping_status":"closed","template":"","meta":[],"class_list":{"0":"post-6893","1":"product","2":"type-product","3":"status-publish","4":"has-post-thumbnail","6":"product_cat-2-el-kasalar-urun-gruplari","7":"product_cat-kayar-brandali-kasa","9":"first","10":"instock","11":"sale","12":"shipping-taxable","13":"purchasable","14":"product-type-simple"},"_links":{"self":[{"href":"https:\/\/ucuzkaroser.com\/index.php?rest_route=\/wp\/v2\/product\/6893","targetHints":{"allow":["GET"]}}],"collection":[{"href":"https:\/\/ucuzkaroser.com\/index.php?rest_route=\/wp\/v2\/product"}],"about":[{"href":"https:\/\/ucuzkaroser.com\/index.php?rest_route=\/wp\/v2\/types\/product"}],"replies":[{"embeddable":true,"href":"https:\/\/ucuzkaroser.com\/index.php?rest_route=%2Fwp%2Fv2%2Fcomments&post=6893"}],"wp:featuredmedia":[{"embeddable":true,"href":"https:\/\/ucuzkaroser.com\/index.php?rest_route=\/wp\/v2\/media\/6897"}],"wp:attachment":[{"href":"https:\/\/ucuzkaroser.com\/index.php?rest_route=%2Fwp%2Fv2%2Fmedia&parent=6893"}],"curies":[{"name":"wp","href":"https:\/\/api.w.org\/{rel}","templated":true}]}}