{"id":6593,"date":"2026-03-07T10:36:52","date_gmt":"2026-03-07T10:36:52","guid":{"rendered":"https:\/\/ucuzkaroser.com\/?post_type=product&#038;p=6593"},"modified":"2026-03-07T10:37:46","modified_gmt":"2026-03-07T10:37:46","slug":"2025-model-0-km-fiat-ducato-4200-xl-orjinal-kasali","status":"publish","type":"product","link":"https:\/\/ucuzkaroser.com\/?product=2025-model-0-km-fiat-ducato-4200-xl-orjinal-kasali","title":{"rendered":"2025 MODEL 0 KM F\u0130AT DUCATO 4200 XL ORJ\u0130NAL KASALI"},"content":{"rendered":"<div><b><span style=\"font-family: times new roman, serif; font-size: large;\"><u>F\u0130AT DUCATO 4200 XL UZUN \u015eASE\u200b<\/u><\/span><\/b><\/div>\n<div><b><span style=\"font-family: times new roman, serif; font-size: large;\">2025 MODEL &#8211; 0 KM<\/span><\/b><\/div>\n<div><span style=\"font-family: times new roman, serif; font-size: large;\"><b>ORJ\u0130NAL KASALI\u00a0<\/b><\/span><\/div>\n<div><b><span style=\"font-family: times new roman, serif; font-size: large;\">%20 KDV DAH\u0130L FATURALI\u200b<\/span><\/b><\/div>\n<div><b><span style=\"font-family: times new roman, serif; font-size: large;\">KRED\u0130 KARTI GE\u00c7ERL\u0130D\u0130R<\/span><\/b><\/div>\n<div><b><span style=\"font-family: times new roman, serif; font-size: large;\">ARACIMIZ PLAKALI MUAYENEL\u0130 SATI\u015eA HAZIR HEMEN TESL\u0130MD\u0130R.<br \/>\n<\/span><\/b><b><\/b><\/div>\n<div><\/div>\n<div><b><u><span style=\"font-family: times new roman, serif; font-size: x-large;\"><span style=\"color: #ff0000;\">DONANIM<\/span><\/span><\/u><\/b><\/div>\n<div><\/div>\n<div><b><span style=\"font-family: times new roman, serif;\">BLUETOOTH &#8211; TELEFON<\/span><\/b><\/div>\n<div><span style=\"font-family: times new roman, serif;\"><b>GER\u0130 G\u00d6R\u00dc\u015e KAMERASI<\/b><\/span><b><\/b><\/div>\n<div><b><span style=\"font-family: times new roman, serif;\">\u015eER\u0130T TAK\u0130P, \u00c7ARPI\u015eMA \u00d6NLEY\u0130C\u0130<\/span><\/b><b><\/b><\/div>\n<div><b><span style=\"font-family: times new roman, serif;\">TABELA OKUMA<\/span><\/b><b><\/b><\/div>\n<div><b><span style=\"font-family: times new roman, serif;\">KL\u0130MA<\/span><\/b><b><\/b><\/div>\n<div><b><span style=\"font-family: times new roman, serif;\">ORTA KONSOL EKRANI<\/span><\/b><b><\/b><\/div>\n<div><span style=\"font-family: times new roman, serif;\"><b>HIZ SAB\u0130TLEME VE SINIRLAMA<\/b><\/span><\/div>\n<div><b><span style=\"font-family: times new roman, serif;\">ECO S\u00dcR\u00dc\u015e MODU<\/span><\/b><b><\/b><\/div>\n<div><b><span style=\"font-family: times new roman, serif;\">START STOP<\/span><\/b><\/div>\n<div><b><span style=\"font-family: times new roman, serif;\">ISITMALI, ELEKTR\u0130KL\u0130 YAN AYNALAR (S\u0130NYALL\u0130)<\/span><\/b><\/div>\n<div><b><span style=\"font-family: times new roman, serif;\">ABS &#8211; EBD FREN S\u0130STEM\u0130<\/span><\/b><\/div>\n<div><b><span style=\"font-family: times new roman, serif;\">ESP YOL TUTU\u015e DESTEK S\u0130STEM\u0130<\/span><\/b><\/div>\n<div><b><span style=\"font-family: times new roman, serif;\">TCS \u2013 \u00c7EK\u0130\u015e KONTROL\u00dc (PAT\u0130NAJ \u00d6NLEME)<\/span><\/b><\/div>\n<div><b><span style=\"font-family: times new roman, serif;\">YOKU\u015eTA KALKI\u015e DESTEK S\u0130STEM\u0130<\/span><\/b><\/div>\n","protected":false},"excerpt":{"rendered":"<p>F\u0130AT DUCATO 4200 XL UZUN \u015eASE\u200b 2025 MODEL &#8211; 0 KM ORJ\u0130NAL KASALI\u00a0 %20 KDV DAH\u0130L FATURALI\u200b KRED\u0130 KARTI GE\u00c7ERL\u0130D\u0130R ARACIMIZ PLAKALI MUAYENEL\u0130 SATI\u015eA HAZIR HEMEN TESL\u0130MD\u0130R. DONANIM BLUETOOTH &#8211; TELEFON GER\u0130 G\u00d6R\u00dc\u015e KAMERASI \u015eER\u0130T TAK\u0130P, \u00c7ARPI\u015eMA \u00d6NLEY\u0130C\u0130 TABELA OKUMA KL\u0130MA ORTA KONSOL EKRANI HIZ SAB\u0130TLEME VE SINIRLAMA ECO S\u00dcR\u00dc\u015e MODU START STOP ISITMALI, ELEKTR\u0130KL\u0130..<\/p>\n","protected":false},"featured_media":6597,"comment_status":"open","ping_status":"closed","template":"","meta":[],"class_list":{"0":"post-6593","1":"product","2":"type-product","3":"status-publish","4":"has-post-thumbnail","6":"product_cat-araclar-2","8":"first","9":"instock","10":"shipping-taxable","11":"purchasable","12":"product-type-simple"},"_links":{"self":[{"href":"https:\/\/ucuzkaroser.com\/index.php?rest_route=\/wp\/v2\/product\/6593","targetHints":{"allow":["GET"]}}],"collection":[{"href":"https:\/\/ucuzkaroser.com\/index.php?rest_route=\/wp\/v2\/product"}],"about":[{"href":"https:\/\/ucuzkaroser.com\/index.php?rest_route=\/wp\/v2\/types\/product"}],"replies":[{"embeddable":true,"href":"https:\/\/ucuzkaroser.com\/index.php?rest_route=%2Fwp%2Fv2%2Fcomments&post=6593"}],"wp:featuredmedia":[{"embeddable":true,"href":"https:\/\/ucuzkaroser.com\/index.php?rest_route=\/wp\/v2\/media\/6597"}],"wp:attachment":[{"href":"https:\/\/ucuzkaroser.com\/index.php?rest_route=%2Fwp%2Fv2%2Fmedia&parent=6593"}],"curies":[{"name":"wp","href":"https:\/\/api.w.org\/{rel}","templated":true}]}}