{"id":6272,"date":"2026-02-20T07:51:50","date_gmt":"2026-02-20T07:51:50","guid":{"rendered":"https:\/\/ucuzkaroser.com\/?post_type=product&#038;p=6272"},"modified":"2026-02-27T07:19:13","modified_gmt":"2026-02-27T07:19:13","slug":"390-cm-boyunda-kayar-perdeli-kasa-12-ay-taksit-imkani","status":"publish","type":"product","link":"https:\/\/ucuzkaroser.com\/?product=390-cm-boyunda-kayar-perdeli-kasa-12-ay-taksit-imkani","title":{"rendered":"390 CM BOYUNDA KAYAR PERDEL\u0130 KASA (12 AY TAKS\u0130T \u0130MKANI)"},"content":{"rendered":"<p><span style=\"color: #333333;\"><b><span style=\"font-size: x-large;\"><img loading=\"lazy\" decoding=\"async\" class=\"alignnone  wp-image-6432\" src=\"https:\/\/ucuzkaroser.com\/wp-content\/uploads\/2026\/02\/Sahibinden-Fotolarin-Sonuna-Gelicek-Sekilde-2-3-ADET-Eklenicek-300x38.png\" alt=\"\" width=\"489\" height=\"62\" srcset=\"https:\/\/ucuzkaroser.com\/wp-content\/uploads\/2026\/02\/Sahibinden-Fotolarin-Sonuna-Gelicek-Sekilde-2-3-ADET-Eklenicek-300x38.png 300w, https:\/\/ucuzkaroser.com\/wp-content\/uploads\/2026\/02\/Sahibinden-Fotolarin-Sonuna-Gelicek-Sekilde-2-3-ADET-Eklenicek-1024x130.png 1024w, https:\/\/ucuzkaroser.com\/wp-content\/uploads\/2026\/02\/Sahibinden-Fotolarin-Sonuna-Gelicek-Sekilde-2-3-ADET-Eklenicek-768x98.png 768w, https:\/\/ucuzkaroser.com\/wp-content\/uploads\/2026\/02\/Sahibinden-Fotolarin-Sonuna-Gelicek-Sekilde-2-3-ADET-Eklenicek-1536x196.png 1536w, https:\/\/ucuzkaroser.com\/wp-content\/uploads\/2026\/02\/Sahibinden-Fotolarin-Sonuna-Gelicek-Sekilde-2-3-ADET-Eklenicek-2048x261.png 2048w, https:\/\/ucuzkaroser.com\/wp-content\/uploads\/2026\/02\/Sahibinden-Fotolarin-Sonuna-Gelicek-Sekilde-2-3-ADET-Eklenicek-600x76.png 600w\" sizes=\"auto, (max-width: 489px) 100vw, 489px\" \/><\/span><\/b><\/span><\/p>\n<p><span style=\"color: #333333;\"><b><span style=\"font-size: x-large;\">KAYAR BRANDALI KASA<\/span><\/b><\/span><\/p>\n<div>\n<p><span style=\"color: #333333;\"><b><span style=\"font-size: x-large;\">BOY : 390 cm\u00a0\u00a0DI\u015e<\/span><\/b><\/span><\/p>\n<p><span style=\"color: #333333;\"><b><span style=\"font-size: x-large;\">EN\u00a0 \u00a0: 220 cm\u00a0\u00a0DI\u015e<\/span><\/b><\/span><\/p>\n<p><span style=\"color: #333333;\"><b><span style=\"font-size: x-large;\">Y\u00dcK : 230 cm\u00a0\u0130\u00c7<\/span><\/b><\/span><\/p>\n<p><span style=\"color: #333333;\"><b><span style=\"font-size: x-large;\">TABAN : PLYWOOD<\/span><\/b><\/span><\/p>\n<p><span style=\"color: #333333;\"><b><span style=\"font-size: x-large;\">RENK :HAK\u0130<\/span><\/b><\/span><\/p>\n<\/div>\n","protected":false},"excerpt":{"rendered":"<p>KAYAR BRANDALI KASA BOY : 390 cm\u00a0\u00a0DI\u015e EN\u00a0 \u00a0: 220 cm\u00a0\u00a0DI\u015e Y\u00dcK : 230 cm\u00a0\u0130\u00c7 TABAN : PLYWOOD RENK :HAK\u0130<\/p>\n","protected":false},"featured_media":6276,"comment_status":"open","ping_status":"closed","template":"","meta":[],"class_list":{"0":"post-6272","1":"product","2":"type-product","3":"status-publish","4":"has-post-thumbnail","6":"product_cat-2-el-kasalar-urun-gruplari","7":"product_cat-kayar-brandali-kasa","9":"first","10":"instock","11":"sale","12":"shipping-taxable","13":"purchasable","14":"product-type-simple"},"_links":{"self":[{"href":"https:\/\/ucuzkaroser.com\/index.php?rest_route=\/wp\/v2\/product\/6272","targetHints":{"allow":["GET"]}}],"collection":[{"href":"https:\/\/ucuzkaroser.com\/index.php?rest_route=\/wp\/v2\/product"}],"about":[{"href":"https:\/\/ucuzkaroser.com\/index.php?rest_route=\/wp\/v2\/types\/product"}],"replies":[{"embeddable":true,"href":"https:\/\/ucuzkaroser.com\/index.php?rest_route=%2Fwp%2Fv2%2Fcomments&post=6272"}],"wp:featuredmedia":[{"embeddable":true,"href":"https:\/\/ucuzkaroser.com\/index.php?rest_route=\/wp\/v2\/media\/6276"}],"wp:attachment":[{"href":"https:\/\/ucuzkaroser.com\/index.php?rest_route=%2Fwp%2Fv2%2Fmedia&parent=6272"}],"curies":[{"name":"wp","href":"https:\/\/api.w.org\/{rel}","templated":true}]}}

390 CM BOYUNDA KAYAR PERDELİ KASA (12 AY TAKSİT İMKANI)

<p><span style="color: #333333;"><b><span style="font-size: x-large;"><img loading="lazy" decoding="async" class="alignnone  wp-image-6432" src="https://ucuzkaroser.com/wp-content/uploads/2026/02/Sahibinden-Fotolarin-Sonuna-Gelicek-Sekilde-2-3-ADET-Eklenicek-300x38.png" alt="" width="489" height="62" srcset="https://ucuzkaroser.com/wp-content/uploads/2026/02/Sahibinden-Fotolarin-Sonuna-Gelicek-Sekilde-2-3-ADET-Eklenicek-300x38.png 300w, https://ucuzkaroser.com/wp-content/uploads/2026/02/Sahibinden-Fotolarin-Sonuna-Gelicek-Sekilde-2-3-ADET-Eklenicek-1024x130.png 1024w, https://ucuzkaroser.com/wp-content/uploads/2026/02/Sahibinden-Fotolarin-Sonuna-Gelicek-Sekilde-2-3-ADET-Eklenicek-768x98.png 768w, https://ucuzkaroser.com/wp-content/uploads/2026/02/Sahibinden-Fotolarin-Sonuna-Gelicek-Sekilde-2-3-ADET-Eklenicek-1536x196.png 1536w, https://ucuzkaroser.com/wp-content/uploads/2026/02/Sahibinden-Fotolarin-Sonuna-Gelicek-Sekilde-2-3-ADET-Eklenicek-2048x261.png 2048w, https://ucuzkaroser.com/wp-content/uploads/2026/02/Sahibinden-Fotolarin-Sonuna-Gelicek-Sekilde-2-3-ADET-Eklenicek-600x76.png 600w" sizes="auto, (max-width: 489px) 100vw, 489px" /></span></b></span></p>
<p><span style="color: #333333;"><b><span style="font-size: x-large;">KAYAR BRANDALI KASA</span></b></span></p>
<div>
<p><span style="color: #333333;"><b><span style="font-size: x-large;">BOY : 390 cm  DIŞ</span></b></span></p>
<p><span style="color: #333333;"><b><span style="font-size: x-large;">EN   : 220 cm  DIŞ</span></b></span></p>
<p><span style="color: #333333;"><b><span style="font-size: x-large;">YÜK : 230 cm İÇ</span></b></span></p>
<p><span style="color: #333333;"><b><span style="font-size: x-large;">TABAN : PLYWOOD</span></b></span></p>
<p><span style="color: #333333;"><b><span style="font-size: x-large;">RENK :HAKİ</span></b></span></p>
</div>

<p>KAYAR BRANDALI KASA BOY : 390 cm  DIŞ EN   : 220 cm  DIŞ YÜK : 230 cm İÇ TABAN : PLYWOOD RENK :HAKİ</p>
